remainder when s(n) is divided by 22.
21
Let g = -1020 - -1044. What is the remainder when 208 is divided by g?
16
Calculate the remainder when 68 is divided by (-8)/24 - (-282)/9.
6
Suppose -2*n = -4*g + 116, 2*g - 45 = 2*n + 17. What is the remainder when 56 is divided by g?
2
Let x = 266 + 362. Suppose -211 = -j + 3*s - 4*s, -2*s = -3*j + x. What is the remainder when j is divided by 53?
51
Let q = 117 - 81. Suppose 11 = 4*i + 4*l - 1, -4*i + q = -2*l. Calculate the remainder when i is divided by 4.
3
Suppose -628 = -4*o - p, -3*p - 136 = -o + 2*p. Calculate the remainder when o is divided by 56.
44
Suppose -3*f - 4*k + 31 = -8, 0 = 2*f + 2*k - 24. Calculate the remainder when ((-4)/2)/((-2)/23) is divided by f.
5
Let b = 172 - 156. Suppose -3*o + 91 - 1 = 0. Let f = o - b. What is the remainder when 40 is divided by f?
12
Let c = 11 + -14. Let u(d) = -d**3 - 4*d**2 + d + 1. Let k be u(c). Calculate the remainder when 53 is divided by (-200)/k + 4/(-22).
17
Let m = 1870 + -1837. Calculate the remainder when 263 is divided by m.
32
Suppose y - 10*r - 37 = -6*r, 3*r + 84 = 3*y. What is the remainder when y is divided by 9?
7
Let l(s) = 4*s - 4. Let v(p) = 4*p - 5. Let f(d) = -3*l(d) + 2*v(d). What is the remainder when 127 is divided by f(-6)?
23
Let h(x) = -7*x + 1. Let v be h(-1). Suppose v*z - 2*z = 6. Calculate the remainder when 3 is divided by z.
0
Let f = 1090 - 917. What is the remainder when f is divided by 26?
17
Let a(q) = 2*q**2 + 32*q - 220. What is the remainder when a(-24) is divided by 40?
4
Let k(c) = 267*c**3 - c**2 + 2*c - 2. What is the remainder when k(1) is divided by 65?
6
Suppose -4*n = -5*d - n + 390, 0 = 3*n + 15. Let p = d - 42. Let q(k) = -k**3 - k**2 - k + 12. Calculate the remainder when p is divided by q(0).
9
Let d(o) = 25*o - 227. Calculate the remainder when d(15) is divided by 15.
13
Let o(c) = c**3 - 7*c**2 - 7*c - 15. Let v be o(8). Let x(u) = 3*u + u - 5*u - 6. Calculate the remainder when 2 is divided by x(v).
0
Suppose -28 = -4*v + j, 3*v - j + 20 = 5*v. Let x(s) = -2*s - v - 58*s + 9. What is the remainder when x(-1) is divided by 16?
13
Let p(q) = -37*q - 4. Let r(f) = -25*f - 3. Let u(i) = 5*p(i) - 8*r(i). Let z be u(5). Suppose 4*m - z = -3. What is the remainder when m is divided by 11?
8
Suppose 15*f + 199 - 424 = 0. What is the remainder when 447 is divided by f?
12
Let i be -18*(-4 + 2 + 3). What is the remainder when 59 is divided by (-33)/(-2) - i/(-12)?
14
Let j(x) = -10*x**3 - 2*x**2 + 1. Calculate the remainder when j(-2) is divided by 5 + -11 - -7 - -36.
36
Let p(y) = -27*y**2 - 460*y + 2. What is the remainder when 177 is divided by p(-17)?
6
Suppose -f = -137 + 63. Calculate the remainder when f is divided by 9.
2
Let b = 10 - -22. Let f be 2 + 1 + 12 + -6 + -7. Calculate the remainder when (-5 + 618/12)*f is divided by b.
29
Let u(q) = 3*q - 16. Calculate the remainder when 91 is divided by u(9).
3
Suppose -2*d - 3*s - 3 = 0, 3*s = d + 2*d - 18. Suppose d*i - 162 = -60. Calculate the remainder when 101 is divided by i.
33
Suppose 104 + 16 = 10*q. Suppose -2*d + 39 = -5*l, -d - 7*l = -8*l - q. Calculate the remainder when (-3)/(-12) + (-43)/(-4) is divided by d.
4
Let b(z) = z**3 + z**2 + 41. What is the remainder when b(0) is divided by 21?
20
Let j = 446 - 815. Calculate the remainder when 34 is divided by j/(-21) + (-12)/(-112)*4.
16
Suppose -3*j + 2252 = -3958. Let i = 35 + -21. What is the remainder when j/40 + (-2)/(-8) is divided by i?
10
Let j(u) = -u. Let q be j(-6). Suppose q*h - 10*h + 116 = 0. Let d = h - 12. Calculate the remainder when d is divided by 9.
8
Let d(w) = -18 + 481*w + 14 - 484*w. Let a be (-1)/(-4) + 58/(-8). Calculate the remainder when d(a) is divided by 6.
5
Let a = 223 - 211. Suppose 804 = 3*h + 9*h. Calculate the remainder when h is divided by a.
7
Let x(g) = -g**2 + 17*g + 70. What is the remainder when x(17) is divided by 36?
34
Suppose -3*q + 327 = -216. Calculate the remainder when q is divided by 33.
16
Suppose f - 126 = -f + 4*j, -5*j + 330 = 5*f. Let b(s) = -4*s**3 + 2*s**2 + 3*s. What is the remainder when f is divided by b(-2)?
31
Suppose -v - v = -42. Let y(m) = -m**2 + 10*m + 18. Let p(c) = -7*c**3 - 2*c**2 - 3*c - 1. Let z be p(-1). Calculate the remainder when y(z) is divided by v.
18
Let t(i) be the second derivative of i**5/10 - 11*i**4/12 - 2*i**3/3 - i**2 - 15*i. Calculate the remainder when 25 is divided by t(6).
5
Let x = -490 + 549. What is the remainder when 647 is divided by x?
57
Suppose -5*y = -3*u + 39, -5*u - 44*y + 42*y = -96. Calculate the remainder when u is divided by 16.
2
What is the remainder when 343 is divided by 10*(-43)/(-5) + 4?
73
Let m(z) = z**2 + 13*z + 72. What is the remainder when m(-4) is divided by 13?
10
Let r(s) = 2*s**2 + 17*s + 17. What is the remainder when 7 is divided by r(-1)?
1
Suppose -16*f = -12*f - 5*g - 62, -4*g + 62 = 3*f. What is the remainder when 266 is divided by f?
14
Let y be (280/(-21) + 11)/((-2)/18). Suppose 4*t - 8*t = -336. What is the remainder when 94 is divided by y/t - 47/(-4)?
10
Suppose 0 = -4*q - 126*t + 124*t + 608, 0 = -5*t + 10. Calculate the remainder when q is divided by 17.
15
Let m = -1284 + 1409. Calculate the remainder when 1748 is divided by m.
123
Let w = -295 - -334. Calculate the remainder when w is divided by 2.
1
Suppose -2*q - 5*y = 3*q - 40, -q = 2*y - 11. Let a = 0 + 4. Suppose -a*u + 66 = 5*c, -2*u - 54 = -q*c - 12. Calculate the remainder when c is divided by 5.
0
Suppose -r + 29 = 4*y, 3*y + 2*r = 6*y - 8. Suppose 0*f - 3*f + 9 = 0. Calculate the remainder when y is divided by f.
0
Suppose 2*x + 118 = -t + 5*t, -3*x - 173 = -4*t. What is the remainder when 130 is divided by 4/(-5)*x/2*2?
42
Let h(y) = y**2 + 53*y - 78. Suppose -4*a + 2*w - 2 = 2, 2*a = -3*w + 6. Suppose a = 3*k - 303 - 75. What is the remainder when k is divided by h(-55)?
30
Let d be (3/6)/(4/24). Let r(i) = 0*i**3 - 3*i + 0*i - i**3 + 7*i**2. What is the remainder when r(d) is divided by 10?
7
Let q = 266 - 152. What is the remainder when q is divided by 24?
18
Calculate the remainder when 74 is divided by -48*(15/(-54) + 10/(-45)).
2
Let l(s) = -s**2 - 20*s - 54. What is the remainder when 57 is divided by l(-15)?
15
Let r(x) = -13*x - 62. What is the remainder when 13 is divided by r(-5)?
1
Suppose 106 = -5*t - 4*u, -3*t + 2*u - 52 = -6. Calculate the remainder when (-3)/t - (-2060)/24 is divided by 11.
9
Let p(i) = 3*i**2 - 17*i + 5. Let m(o) = o**3 - o**2 + o - 9. Let s be m(0). Let v be ((-6)/s)/(6/63). Calculate the remainder when 131 is divided by p(v).
32
Let m = -1936 + 3418. Calculate the remainder when (-2)/4*(m/(-6) - -3) is divided by 25.
22
Let u = -3 - -24. Suppose -94 = 5*v - 614. Let i = 112 - v. What is the remainder when u is divided by i?
5
Suppose -5*x + 3*c = -c + 102, 2*c = x + 18. Let i = x - -48. Let t = -16 + i. Calculate the remainder when 27 is divided by t.
7
Suppose 4*u - 3*u + 97 = 4*r, -2*r + 4*u = -38. What is the remainder when r is divided by 6?
1
Let t be (342/95)/(1/20). Suppose -202 + t = -5*m. Calculate the remainder when 50 is divided by m.
24
Let g(y) = 2*y**2 + 9*y + 16. What is the remainder when g(-6) is divided by 22?
12
Suppose -f + 4*f + 5*q - 11 = 0, f - 1 = q. Let j be 11/44 + 59/4. What is the remainder when 1*-3*j/(-9) is divided by f?
1
Suppose 0 = -387*l + 370*l + 1870. Calculate the remainder when l is divided by 55.
0
Suppose 4*o - 4*y + 44 - 300 = 0, -5 = -y. What is the remainder when o is divided by 19?
12
Suppose -1175*h + 1188*h = 8931. What is the remainder when h is divided by 30?
27
Let y = -217 + 262. What is the remainder when 222 is divided by y?
42
Suppose 3*o = -m + 2*m + 28, -60 = -5*o - m. Suppose a + 0*a = o. Calculate the remainder when a is divided by 6.
5
Let g = 144 - 106. What is the remainder when 183 is divided by g?
31
Let p = 6352 + -6308. Calculate the remainder when p is divided by 2 + 14 + 0/1.
12
Let t(j) = 262*j + 656. Let o(p) = -p**3 + 8*p**2 - 6*p + 8. What is the remainder when t(-2) is divided by o(7)?
12
Suppose -560 = -5*t + 23*q - 28*q, t = -5*q + 124. What is the remainder when t is divided by 30?
19
Suppose 3*u - u = -40. Let k be 4/u + (-29)/5. Calculate the remainder when 42 is divided by 2